{"id":1019,"date":"2021-08-05T15:23:35","date_gmt":"2021-08-05T13:23:35","guid":{"rendered":"https:\/\/akademie-tiertherapie.de\/hundeschule\/?page_id=1019"},"modified":"2025-01-03T17:01:00","modified_gmt":"2025-01-03T16:01:00","slug":"trainer","status":"publish","type":"page","link":"https:\/\/akademie-tiertherapie.de\/hundeschule\/trainer\/","title":{"rendered":"Trainer"},"content":{"rendered":"\t\t<div data-elementor-type=\"wp-page\" data-elementor-id=\"1019\" class=\"elementor elementor-1019\" data-elementor-post-type=\"page\">\n\t\t\t\t\t\t<section class=\"elementor-section elementor-top-section elementor-element elementor-element-50161b59 elementor-section-boxed elementor-section-height-default elementor-section-height-default\" data-id=\"50161b59\" data-element_type=\"section\" data-e-type=\"section\">\n\t\t\t\t\t\t<div class=\"elementor-container elementor-column-gap-default\">\n\t\t\t\t\t<div class=\"elementor-column elementor-col-100 elementor-top-column elementor-element elementor-element-7d95f136\" data-id=\"7d95f136\" data-element_type=\"column\" data-e-type=\"column\">\n\t\t\t<div class=\"elementor-widget-wrap elementor-element-populated\">\n\t\t\t\t\t\t<div class=\"elementor-element elementor-element-17ad7ef1 elementor-widget elementor-widget-themedraft_team_member\" data-id=\"17ad7ef1\" data-element_type=\"widget\" data-e-type=\"widget\" data-widget_type=\"themedraft_team_member.default\">\n\t\t\t\t<div class=\"elementor-widget-container\">\n\t\t\t\t\t\n        <div class=\"row td-team-layout-2\">\n\n\t        \n\t\t\t        <div class=\"col-lg-4 col-md-6\">\n\t\t\t\t        <div class=\"td-single-team-member\">\n\t\t\t\t\t        <div class=\"td-team-member-image-wrapper\">\n\n                                \t\t\t\t\t\t\t        <div class=\"td-team-member-image\" style=\"background-image: url(https:\/\/akademie-tiertherapie.de\/hundeschule\/wp-content\/uploads\/2021\/08\/PFA_5401.jpg)\">\n                                                                                    <a href=\"https:\/\/akademie-tiertherapie.de\/hundeschule\/trainer\/nicole-drueschler\/\" class=\"td-member-details-link\">+<\/a>\n                                                                            <\/div>\n\t\t\t                    \t\t\t\t\t        <\/div>\n\n\t\t\t                                            <a href=\"https:\/\/akademie-tiertherapie.de\/hundeschule\/trainer\/nicole-drueschler\/\" class=\"td-member-name\" >Nicole Dr\u00fcschler<\/a>\n                            \n\t\t\t\t\t        <span class=\"td-member-designation\"><\/span>\n\t\t\t\t        <\/div>\n\t\t\t        <\/div>\n\t\t    \n\t\t\t        <div class=\"col-lg-4 col-md-6\">\n\t\t\t\t        <div class=\"td-single-team-member\">\n\t\t\t\t\t        <div class=\"td-team-member-image-wrapper\">\n\n                                \t\t\t\t\t\t\t        <div class=\"td-team-member-image\" style=\"background-image: url(https:\/\/akademie-tiertherapie.de\/hundeschule\/wp-content\/uploads\/2023\/08\/KerstinMit2Hunden-3.png)\">\n                                                                                    <a href=\"https:\/\/akademie-tiertherapie.de\/hundeschule\/trainer\/kerstin-mohrhardt\/\" class=\"td-member-details-link\">+<\/a>\n                                                                            <\/div>\n\t\t\t                    \t\t\t\t\t        <\/div>\n\n\t\t\t                                            <a href=\"https:\/\/akademie-tiertherapie.de\/hundeschule\/trainer\/kerstin-mohrhardt\/\" class=\"td-member-name\" >Kerstin Mohrhardt<\/a>\n                            \n\t\t\t\t\t        <span class=\"td-member-designation\"><\/span>\n\t\t\t\t        <\/div>\n\t\t\t        <\/div>\n\t\t    \n\t\t\t        <div class=\"col-lg-4 col-md-6\">\n\t\t\t\t        <div class=\"td-single-team-member\">\n\t\t\t\t\t        <div class=\"td-team-member-image-wrapper\">\n\n                                \t\t\t\t\t\t\t        <div class=\"td-team-member-image\" style=\"background-image: url(https:\/\/akademie-tiertherapie.de\/hundeschule\/wp-content\/uploads\/2025\/01\/Marcel-1.jpg)\">\n                                                                                    <a href=\"https:\/\/akademie-tiertherapie.de\/hundeschule\/marcel-schlief\/\" class=\"td-member-details-link\">+<\/a>\n                                                                            <\/div>\n\t\t\t                    \t\t\t\t\t        <\/div>\n\n\t\t\t                                            <a href=\"https:\/\/akademie-tiertherapie.de\/hundeschule\/marcel-schlief\/\" class=\"td-member-name\" >Marcel Schlief<\/a>\n                            \n\t\t\t\t\t        <span class=\"td-member-designation\"><\/span>\n\t\t\t\t        <\/div>\n\t\t\t        <\/div>\n\t\t            <\/div>\n\t\t\t\t\t\t<\/div>\n\t\t\t\t<\/div>\n\t\t\t\t\t<\/div>\n\t\t<\/div>\n\t\t\t\t\t<\/div>\n\t\t<\/section>\n\t\t\t\t<\/div>\n\t\t","protected":false},"excerpt":{"rendered":"<p>+ Nicole Dr\u00fcschler + Kerstin Mohrhardt + Marcel Schlief<\/p>\n","protected":false},"author":1,"featured_media":0,"parent":0,"menu_order":0,"comment_status":"closed","ping_status":"closed","template":"","meta":{"footnotes":""},"class_list":["post-1019","page","type-page","status-publish","hentry"],"yoast_head":"<!-- This site is optimized with the Yoast SEO plugin v27.1.1 - https:\/\/yoast.com\/product\/yoast-seo-wordpress\/ -->\n<title>Trainer - Akademie f\u00fcr Tiertherapie - Hundeschule<\/title>\n<meta name=\"robots\" content=\"index, follow, max-snippet:-1, max-image-preview:large, max-video-preview:-1\" \/>\n<link rel=\"canonical\" href=\"https:\/\/akademie-tiertherapie.de\/hundeschule\/trainer\/\" \/>\n<meta property=\"og:locale\" content=\"de_DE\" \/>\n<meta property=\"og:type\" content=\"article\" \/>\n<meta property=\"og:title\" content=\"Trainer - Akademie f\u00fcr Tiertherapie - Hundeschule\" \/>\n<meta property=\"og:description\" content=\"+ Nicole Dr\u00fcschler + Kerstin Mohrhardt + Marcel Schlief\" \/>\n<meta property=\"og:url\" content=\"https:\/\/akademie-tiertherapie.de\/hundeschule\/trainer\/\" \/>\n<meta property=\"og:site_name\" content=\"Akademie f\u00fcr Tiertherapie - Hundeschule\" \/>\n<meta property=\"article:publisher\" content=\"https:\/\/www.facebook.com\/AkademieTier\" \/>\n<meta property=\"article:modified_time\" content=\"2025-01-03T16:01:00+00:00\" \/>\n<meta name=\"twitter:card\" content=\"summary_large_image\" \/>\n<meta name=\"twitter:label1\" content=\"Gesch\u00e4tzte Lesezeit\" \/>\n\t<meta name=\"twitter:data1\" content=\"1\u00a0Minute\" \/>\n<script type=\"application\/ld+json\" class=\"yoast-schema-graph\">{\"@context\":\"https:\/\/schema.org\",\"@graph\":[{\"@type\":\"WebPage\",\"@id\":\"https:\/\/akademie-tiertherapie.de\/hundeschule\/trainer\/\",\"url\":\"https:\/\/akademie-tiertherapie.de\/hundeschule\/trainer\/\",\"name\":\"Trainer - Akademie f\u00fcr Tiertherapie - Hundeschule\",\"isPartOf\":{\"@id\":\"https:\/\/akademie-tiertherapie.de\/hundeschule\/#website\"},\"datePublished\":\"2021-08-05T13:23:35+00:00\",\"dateModified\":\"2025-01-03T16:01:00+00:00\",\"breadcrumb\":{\"@id\":\"https:\/\/akademie-tiertherapie.de\/hundeschule\/trainer\/#breadcrumb\"},\"inLanguage\":\"de\",\"potentialAction\":[{\"@type\":\"ReadAction\",\"target\":[\"https:\/\/akademie-tiertherapie.de\/hundeschule\/trainer\/\"]}]},{\"@type\":\"BreadcrumbList\",\"@id\":\"https:\/\/akademie-tiertherapie.de\/hundeschule\/trainer\/#breadcrumb\",\"itemListElement\":[{\"@type\":\"ListItem\",\"position\":1,\"name\":\"Startseite\",\"item\":\"https:\/\/akademie-tiertherapie.de\/hundeschule\/\"},{\"@type\":\"ListItem\",\"position\":2,\"name\":\"Trainer\"}]},{\"@type\":\"WebSite\",\"@id\":\"https:\/\/akademie-tiertherapie.de\/hundeschule\/#website\",\"url\":\"https:\/\/akademie-tiertherapie.de\/hundeschule\/\",\"name\":\"Akademie f\u00fcr Tiertherapie - Hundeschule\",\"description\":\"Akademie f\u00fcr Tiertherapeutische Berufe Ausbildung Hundepsychologe Hundephysiotherapeut Tiergest\u00fctzte Therapie\",\"publisher\":{\"@id\":\"https:\/\/akademie-tiertherapie.de\/hundeschule\/#organization\"},\"potentialAction\":[{\"@type\":\"SearchAction\",\"target\":{\"@type\":\"EntryPoint\",\"urlTemplate\":\"https:\/\/akademie-tiertherapie.de\/hundeschule\/?s={search_term_string}\"},\"query-input\":{\"@type\":\"PropertyValueSpecification\",\"valueRequired\":true,\"valueName\":\"search_term_string\"}}],\"inLanguage\":\"de\"},{\"@type\":\"Organization\",\"@id\":\"https:\/\/akademie-tiertherapie.de\/hundeschule\/#organization\",\"name\":\"Akademie Tiertherapie\",\"url\":\"https:\/\/akademie-tiertherapie.de\/hundeschule\/\",\"logo\":{\"@type\":\"ImageObject\",\"inLanguage\":\"de\",\"@id\":\"https:\/\/akademie-tiertherapie.de\/hundeschule\/#\/schema\/logo\/image\/\",\"url\":\"https:\/\/akademie-tiertherapie.de\/hundeschule\/wp-content\/uploads\/2022\/03\/ALogoBrown726KB.png\",\"contentUrl\":\"https:\/\/akademie-tiertherapie.de\/hundeschule\/wp-content\/uploads\/2022\/03\/ALogoBrown726KB.png\",\"width\":2233,\"height\":2173,\"caption\":\"Akademie Tiertherapie\"},\"image\":{\"@id\":\"https:\/\/akademie-tiertherapie.de\/hundeschule\/#\/schema\/logo\/image\/\"},\"sameAs\":[\"https:\/\/www.facebook.com\/AkademieTier\",\"https:\/\/www.instagram.com\/akademietier\/\"]}]}<\/script>\n<!-- \/ Yoast SEO plugin. -->","yoast_head_json":{"title":"Trainer - Akademie f\u00fcr Tiertherapie - Hundeschule","robots":{"index":"index","follow":"follow","max-snippet":"max-snippet:-1","max-image-preview":"max-image-preview:large","max-video-preview":"max-video-preview:-1"},"canonical":"https:\/\/akademie-tiertherapie.de\/hundeschule\/trainer\/","og_locale":"de_DE","og_type":"article","og_title":"Trainer - Akademie f\u00fcr Tiertherapie - Hundeschule","og_description":"+ Nicole Dr\u00fcschler + Kerstin Mohrhardt + Marcel Schlief","og_url":"https:\/\/akademie-tiertherapie.de\/hundeschule\/trainer\/","og_site_name":"Akademie f\u00fcr Tiertherapie - Hundeschule","article_publisher":"https:\/\/www.facebook.com\/AkademieTier","article_modified_time":"2025-01-03T16:01:00+00:00","twitter_card":"summary_large_image","twitter_misc":{"Gesch\u00e4tzte Lesezeit":"1\u00a0Minute"},"schema":{"@context":"https:\/\/schema.org","@graph":[{"@type":"WebPage","@id":"https:\/\/akademie-tiertherapie.de\/hundeschule\/trainer\/","url":"https:\/\/akademie-tiertherapie.de\/hundeschule\/trainer\/","name":"Trainer - Akademie f\u00fcr Tiertherapie - Hundeschule","isPartOf":{"@id":"https:\/\/akademie-tiertherapie.de\/hundeschule\/#website"},"datePublished":"2021-08-05T13:23:35+00:00","dateModified":"2025-01-03T16:01:00+00:00","breadcrumb":{"@id":"https:\/\/akademie-tiertherapie.de\/hundeschule\/trainer\/#breadcrumb"},"inLanguage":"de","potentialAction":[{"@type":"ReadAction","target":["https:\/\/akademie-tiertherapie.de\/hundeschule\/trainer\/"]}]},{"@type":"BreadcrumbList","@id":"https:\/\/akademie-tiertherapie.de\/hundeschule\/trainer\/#breadcrumb","itemListElement":[{"@type":"ListItem","position":1,"name":"Startseite","item":"https:\/\/akademie-tiertherapie.de\/hundeschule\/"},{"@type":"ListItem","position":2,"name":"Trainer"}]},{"@type":"WebSite","@id":"https:\/\/akademie-tiertherapie.de\/hundeschule\/#website","url":"https:\/\/akademie-tiertherapie.de\/hundeschule\/","name":"Akademie f\u00fcr Tiertherapie - Hundeschule","description":"Akademie f\u00fcr Tiertherapeutische Berufe Ausbildung Hundepsychologe Hundephysiotherapeut Tiergest\u00fctzte Therapie","publisher":{"@id":"https:\/\/akademie-tiertherapie.de\/hundeschule\/#organization"},"potentialAction":[{"@type":"SearchAction","target":{"@type":"EntryPoint","urlTemplate":"https:\/\/akademie-tiertherapie.de\/hundeschule\/?s={search_term_string}"},"query-input":{"@type":"PropertyValueSpecification","valueRequired":true,"valueName":"search_term_string"}}],"inLanguage":"de"},{"@type":"Organization","@id":"https:\/\/akademie-tiertherapie.de\/hundeschule\/#organization","name":"Akademie Tiertherapie","url":"https:\/\/akademie-tiertherapie.de\/hundeschule\/","logo":{"@type":"ImageObject","inLanguage":"de","@id":"https:\/\/akademie-tiertherapie.de\/hundeschule\/#\/schema\/logo\/image\/","url":"https:\/\/akademie-tiertherapie.de\/hundeschule\/wp-content\/uploads\/2022\/03\/ALogoBrown726KB.png","contentUrl":"https:\/\/akademie-tiertherapie.de\/hundeschule\/wp-content\/uploads\/2022\/03\/ALogoBrown726KB.png","width":2233,"height":2173,"caption":"Akademie Tiertherapie"},"image":{"@id":"https:\/\/akademie-tiertherapie.de\/hundeschule\/#\/schema\/logo\/image\/"},"sameAs":["https:\/\/www.facebook.com\/AkademieTier","https:\/\/www.instagram.com\/akademietier\/"]}]}},"_links":{"self":[{"href":"https:\/\/akademie-tiertherapie.de\/hundeschule\/wp-json\/wp\/v2\/pages\/1019","targetHints":{"allow":["GET"]}}],"collection":[{"href":"https:\/\/akademie-tiertherapie.de\/hundeschule\/wp-json\/wp\/v2\/pages"}],"about":[{"href":"https:\/\/akademie-tiertherapie.de\/hundeschule\/wp-json\/wp\/v2\/types\/page"}],"author":[{"embeddable":true,"href":"https:\/\/akademie-tiertherapie.de\/hundeschule\/wp-json\/wp\/v2\/users\/1"}],"replies":[{"embeddable":true,"href":"https:\/\/akademie-tiertherapie.de\/hundeschule\/wp-json\/wp\/v2\/comments?post=1019"}],"version-history":[{"count":71,"href":"https:\/\/akademie-tiertherapie.de\/hundeschule\/wp-json\/wp\/v2\/pages\/1019\/revisions"}],"predecessor-version":[{"id":4482,"href":"https:\/\/akademie-tiertherapie.de\/hundeschule\/wp-json\/wp\/v2\/pages\/1019\/revisions\/4482"}],"wp:attachment":[{"href":"https:\/\/akademie-tiertherapie.de\/hundeschule\/wp-json\/wp\/v2\/media?parent=1019"}],"curies":[{"name":"wp","href":"https:\/\/api.w.org\/{rel}","templated":true}]}}