{"id":1507,"date":"2021-08-11T12:45:37","date_gmt":"2021-08-11T10:45:37","guid":{"rendered":"https:\/\/akademie-tiertherapie.de\/hundeschule\/?page_id=1507"},"modified":"2024-11-19T13:33:32","modified_gmt":"2024-11-19T12:33:32","slug":"agb","status":"publish","type":"page","link":"https:\/\/akademie-tiertherapie.de\/hundeschule\/agb\/","title":{"rendered":"AGB"},"content":{"rendered":"\t\t<div data-elementor-type=\"wp-page\" data-elementor-id=\"1507\" class=\"elementor elementor-1507\" data-elementor-post-type=\"page\">\n\t\t\t\t\t\t<section class=\"elementor-section elementor-top-section elementor-element elementor-element-0bf20b9 elementor-section-boxed elementor-section-height-default elementor-section-height-default\" data-id=\"0bf20b9\" data-element_type=\"section\" data-e-type=\"section\">\n\t\t\t\t\t\t<div class=\"elementor-container elementor-column-gap-default\">\n\t\t\t\t\t<div class=\"elementor-column elementor-col-100 elementor-top-column elementor-element elementor-element-c8a465f\" data-id=\"c8a465f\" data-element_type=\"column\" data-e-type=\"column\">\n\t\t\t<div class=\"elementor-widget-wrap elementor-element-populated\">\n\t\t\t\t\t\t<div class=\"elementor-element elementor-element-85fcc88 elementor-widget elementor-widget-text-editor\" data-id=\"85fcc88\" data-element_type=\"widget\" data-e-type=\"widget\" data-widget_type=\"text-editor.default\">\n\t\t\t\t<div class=\"elementor-widget-container\">\n\t\t\t\t\t\t\t\t\t<p>\u00a0<\/p><ol><li><strong>Leistung<\/strong><\/li><\/ol><p>Die vertraglich vereinbarten Leistungen ergeben sich aus den Leistungsbeschreibungen der Homepage und den zugesandten Informations- oder Vertragsunterlagen. Die ver\u00f6ffentlichten Angaben sind bindend. Die Service Rund um den Hund beh\u00e4lt sich jedoch vor aus berechtigten Gr\u00fcnden zumutbare \u00c4nderungen und Abweichungen zum Inhalt und Ablauf der Ausbildungen, des Seminars, Workshops, der Reise oder sonstigen Veranstaltung (Leistungen) zu erkl\u00e4ren, \u00fcber die die TeilnehmerInnen auf jeden Fall vor Beginn der Leistungen informiert werden. Die Service Rund um den Hund beh\u00e4lt sich vor, notwendige kurzfristige und kleinere \u00c4nderungen sowie zeitliche Verschiebungen bei Veranstaltungen vorzunehmen, ist aber bem\u00fcht, jede m\u00f6gliche \u00c4nderung im Einvernehmen mit den Teilnehmern abzustimmen, dem Vertragsziel m\u00f6glichst nahe zu kommen und garantiert zudem, dass der Umfang der beschriebenen Leistungen erhalten bleibt. Die Kosten f\u00fcr die Abschlusspr\u00fcfung sind in der Ausbildungsgeb\u00fchr nicht enthalten. Die Service Rund um den Hund gew\u00e4hrleistet nicht, dass der\/die TeilnehmerIn die Pr\u00fcfung besteht.<\/p><p>Die An- und Abreise erfolgt f\u00fcr die Teilnehmer auf eigene Gefahr \/ eigenes Risiko.<\/p><ol start=\"2\"><li><strong>Unterbringung und Verpflegung<\/strong><\/li><\/ol><p>Es werden Unterbringungsempfehlungen ausgesprochen, eine Verf\u00fcgbarkeit von R\u00e4umen kann jedoch nicht zugesichert werden. Die Teilnehmer tragen die Verantwortung und die Kosten f\u00fcr ihre Unterbringung und Verpflegung.<\/p><ol start=\"3\"><li><strong>Vertragsabschluss<\/strong><\/li><\/ol><p>Mit Eingang einer schriftlichen Anmeldung f\u00fcr Veranstaltungen per E-Mail, Kontaktformular, WhatsApp oder Brief kommt der Vertrag zwischen der Akademie und dem Teilnehmer verbindlich zustande und der Teilnehmer erh\u00e4lt eine Anmeldebest\u00e4tigung.<\/p><p>Mit Eingang der schriftlichen Anmeldung zur Ausbildung per Post oder eingescanntem Anmeldeformular per E-Mail kommt der Vertrag zwischen der Service Rund um den Hund und dem\/der TeilnehmerIn verbindlich zustande. Hunde, die mitgebracht werden m\u00fcssen auf dem Anmeldeformular angegeben werden oder nachtr\u00e4glich schriftlich angemeldet werden.<\/p><p>Die von der Service Rund um den Hund vermittelten Inhalte d\u00fcrfen nur nach Absprache mit Nicole Dr\u00fcschler und Kerstin Mohrhardt verwendet werden. Auf den Veranstaltungen darf nur nach Absprache mit den Dozenten und allen TeilnehmerInnen gefilmt oder fotografiert werden. Eine Ver\u00f6ffentlichung ist nicht gestattet. Die urheberrechtlichen Nutzungs-, Leistungsschutz- und sonstigen Rechte des dabei entstehenden kompletten Materials liegen bei der Service Rund um den Hund.<\/p><p><strong>\u00a0<\/strong><\/p><ol start=\"4\"><li><strong>Ausbildungskosten &#8211; Veranstaltungskosten<\/strong><\/li><\/ol><p>Die Kosten f\u00fcr Veranstaltungen sind auf der Homepage, den zugesandten Informationsunterlagen aufgef\u00fchrt. Die Zahlung ist sp\u00e4testens 4 Wochen vor Veranstaltungsbeginn f\u00e4llig. Bei kurzfristigen Anmeldungen ist die Zahlung sofort f\u00e4llig und vor Veranstaltungsbeginn zu leisten.<\/p><p>Die Kosten f\u00fcr die Ausbildungen sind in den Vertragsunterlagen aufgef\u00fchrt. Die Anzahlung ist vor Ausbildungs\u00adbeginn f\u00e4llig. Die monatliche Zahlung erfolgt per SEPA-Lastschriftmandat, dass vor Ausbildungsbeginn abgegeben werden muss. Kosten, die durch ungen\u00fcgende Deckung oder Fehlangabe einer SEPA-Lastschrift zur\u00fcckgehen, gehen zu Lasten des Teilnehmers.<\/p><p>Die Service Rund um den Hund ist berechtigt, den Preis der Ausbildung nach Abschluss des Vertrages zu erh\u00f6hen. Eine nachtr\u00e4gliche \u00c4nderung der Ausbildungsgeb\u00fchren ist nur berechtigt, wenn eine Erh\u00f6hung f\u00fcr bestimmte Leistungen zugrunde gelegt werden kann. Dies wird den Teilnehmern schriftlich per E-Mail mitgeteilt.<\/p><p>Die Teilnehmer haben im Falle einer Erh\u00f6hung um mehr als 5% das Recht, vom Vertrag zur\u00fcckzutreten. Dies ist innerhalb von 10 Tagen nach Bekanntgabe geltend zu machen.<\/p><p>Bei Nichteinhaltung der Zahlungspflicht besteht kein Anspruch auf Teilnahme am Unterricht, erst nach Begleichung des Zahlungsr\u00fcckstandes ist die Teilnahme wieder m\u00f6glich. Auf zwischenzeitlich vers\u00e4umten Unterricht gibt es keinen Anspruch.<\/p><p>Die Veranstaltungen finden bei jedem Wetter statt. Zahlungen f\u00fcr Veranstaltungen werden bei nicht Inanspruchnahme nicht erlassen oder zur\u00fcckerstattet.\u00a0<\/p><ol start=\"5\"><li><strong>Absage \/ R\u00fccktritt<\/strong><\/li><\/ol><p>Die Service Rund um den Hund beh\u00e4lt sich das Recht vor, die Veranstaltung aus zwingenden Gr\u00fcnden (z.B. \u201eh\u00f6here Gewalt\u201c, Krankheit des Referenten o.\u00e4.) sowie bei Nichterreichen der Mindestteilnehmerzahl abzusagen. Sofern eine Veranstaltung abgesagt werden muss, ist die Akademie um einen geeigneten Ausweich-, bzw. Ersatztermin bem\u00fcht.<\/p><p>Falls kein Ersatztermin gefunden werden kann, werden die Veranstaltungsgeb\u00fchren zur\u00fcckerstattet. Anspr\u00fcche f\u00fcr vergebliche Fahrtkosten oder Stornogeb\u00fchren f\u00fcr Hotel\u00fcbernachtungen werden jedoch nicht erstattet.<\/p><p>\u00dcberdies steht uns ein R\u00fccktrittsrecht zu, wenn sich der Teilnehmer vertragswidrig verh\u00e4lt oder wenn durch das Verhalten des Teilnehmers eine Gef\u00e4hrdung f\u00fcr die ordnungsgem\u00e4\u00dfe Durchf\u00fchrung der Veranstaltung oder f\u00fcr andere Seminarteilnehmer ausgeht. Ein Anspruch auf R\u00fcckzahlung der Teilnahmegeb\u00fchren besteht insoweit nicht.<\/p><p>Der\/die TeilnehmerIn kann vom Vertrag ohne Angabe von Gr\u00fcnden nach Anmeldung zur\u00fccktreten. Der R\u00fccktritt hat schriftlich zu erfolgen. Ma\u00dfgeblich f\u00fcr den Zeitpunkt des R\u00fccktritts ist der Zeitpunkt des Eingangs beim Veranstalter. Im Falle des R\u00fccktritts kann der Veranstalter ohne weiteren Nachweis pauschalen Schadens- und Aufwendungsersatz f\u00fcr die getroffenen Vorkehrungen, f\u00fcr die durch den R\u00fccktritt erfolgenden Ma\u00dfnahmen und f\u00fcr den entgangenen Gewinn verlangen. Anfallende Stornogeb\u00fchren s. Punkt 6.<\/p><ol start=\"6\"><li><strong>Stornogeb\u00fchren<\/strong><\/li><\/ol><p>Bei R\u00fccktritt des Teilnehmers entstehen folgende Kosten:<\/p><ul><li>vor 8 Wochen vor Veranstaltungsbeginn wird eine Verwaltungs-Pauschale von 30 \u20ac bzw. 60 \u20ac (Seminar\/Ausbildung) berechnet<\/li><li>bis 8 Wochen vor Veranstaltungsbeginn werden 20 % der Teilnahmegeb\u00fchr f\u00e4llig<\/li><li>bis 4 Wochen vor Veranstaltungsbeginn werden 50 % der Teilnahmegeb\u00fchr f\u00e4llig<\/li><li>bei <strong><em>R\u00fccktritt<\/em><\/strong> ab 3 Wochen vor Beginn der Veranstaltung sowie bei Abbruch der Ausbildung erfolgt keine R\u00fcckerstattung bzw. ist der gesamte Betrag zu entrichten. Bei einem <strong><em>Abbruch<\/em><\/strong> der Ausbildung im Studienjahr ist der gesamte Betrag f\u00e4llig.<\/li><\/ul><p>Der\/die TeilnehmerIn kann bei Nichtteilnahme eine\/n ErsatzteilnehmerIn stellen. Tritt ein Dritter in den Vertrag ein, so haften der\/die TeilnehmerIn und der Dritte als Gesamtschuldner f\u00fcr den Veranstaltungspreis\/ Ausbildungspreis und f\u00fcr die durch den Eintritt des Dritten entstandenen Mehrkosten. Die Akademie kann dem Wechsel der Person der\/des TeilnehmerIn widersprechen, wenn der Dritte den besonderen Erfordernissen nicht gen\u00fcgt oder gesetzliche Vorschriften oder beh\u00f6rdliche Anordnungen entgegenstehen.<\/p><ol start=\"7\"><li><strong>Haftung<\/strong><\/li><\/ol><p>Die Service Rund um den Hund haftet nicht f\u00fcr die R\u00e4ume, das Trainingsgel\u00e4nde und die Gefahren der Ausbildungsma\u00dfnahmen. Der Service Rund um den Hund haftet nicht f\u00fcr Sch\u00e4den, die von Dritten und\/oder deren Hunden herbeigef\u00fchrt wurden. Die Teilnahme geschieht somit auf eigene Gefahr. Die Service Rund um den Hund \u00fcbernimmt keinerlei Haftung f\u00fcr Teilnehmer, deren Verhalten und Gesundheitszustand. Gerade hinsichtlich mitgebrachter Tiere wird ausdr\u00fccklich darauf hingewiesen, dass f\u00fcr diese eine g\u00fcltige Haftpflichtversicherung sowie vollst\u00e4ndiger Impfschutz bestehen muss. Der Tierhalter haftet f\u00fcr Sach- und Personensch\u00e4den, die durch das mitgebrachte Tier, bzw. die mitgebrachten Tiere entstanden sind. Die vorgenannten Haftungsbeschr\u00e4nkungen gelten nicht f\u00fcr Schadenersatzanspr\u00fcche aus der Verletzung des Lebens, des K\u00f6rpers oder der Gesundheit. Die Service Rund um den Hund, deren gesetzlichen Vertreter und Erf\u00fcllungsgehilfen haften nur bei Vorsatz und grober Fahrl\u00e4ssigkeit, jedoch nur f\u00fcr den vorhersehbaren, vertragstypischen, unmittelbaren Schaden.<\/p><p>Der Teilnehmer haftet nach den gesetzlichen Bestimmungen.<\/p><ol start=\"8\"><li><strong>Versicherung<\/strong><\/li><\/ol><p>Wir schlie\u00dfen generell keinerlei Versicherungsleistungen ein.<\/p><ol start=\"9\"><li><strong>Verhaltensregeln<\/strong><\/li><\/ol><p>Der Hausordnung der gastgebenden Einrichtung und den Anweisungen der Service Rund um den Hund \u2013 Marcel Schlief ist Folge zu leisten.<\/p><ol start=\"10\"><li><strong>Zertifizierung<\/strong><\/li><\/ol><p>Am Ende der Ausbildung findet eine Abschlusspr\u00fcfung statt, diese kann bei Nichtbestehen einmalig wiederholt werden. Nach bestandener Abschlusspr\u00fcfung wird ein Zertifikat von der Service Rund um den Hund ausgestellt. Dieses Zertifikat ist im Preis der jeweiligen Pr\u00fcfungsgeb\u00fchr enthalten.<\/p><p>F\u00fcr Seminare, Workshops oder Weiterbildungen kann eine Teilnahmebescheinigung ausgestellt werden.\u00a0<\/p><ol start=\"11\"><li><strong>Datenschutz<\/strong><\/li><\/ol><p>Personenbezogene Daten und gesch\u00e4ftliche Angaben werden ausschlie\u00dflich zweckbezogen erhoben und verarbeitet. Eine Speicherung der Daten erfolgt nur, soweit es zur Abwicklung des Vertragsverh\u00e4ltnisses notwendig ist. Daten werden nicht an Dritte weitergegeben. (siehe detaillierte Datenschutzbestimmungen)<\/p><p>Anspr\u00fcche verj\u00e4hren nach den gesetzlichen Bestimmungen.<\/p><p>Akademie f\u00fcr Tiertherapeutische Berufe GmbH<br \/>Ostheimer Allee 16a<br \/>64832 Babenhausen<br \/>Tel. 06073 \/ 7248205<\/p><p>www.akademie-tiertherapie.de\u00a0 &#8211;\u00a0\u00a0<a href=\"mailto:info@akademie-tiertherapie.de\">info@akademie-tiertherapie.de<\/a><\/p><p>Stand: 01.10.2024<\/p>\t\t\t\t\t\t\t\t<\/div>\n\t\t\t\t<\/div>\n\t\t\t\t\t<\/div>\n\t\t<\/div>\n\t\t\t\t\t<\/div>\n\t\t<\/section>\n\t\t\t\t<\/div>\n\t\t","protected":false},"excerpt":{"rendered":"<p>\u00a0 Leistung Die vertraglich vereinbarten Leistungen ergeben sich aus den Leistungsbeschreibungen der Homepage und den zugesandten Informations- oder Vertragsunterlagen. Die ver\u00f6ffentlichten Angaben sind bindend. Die Service Rund um den Hund beh\u00e4lt sich jedoch vor aus berechtigten Gr\u00fcnden zumutbare \u00c4nderungen und Abweichungen zum Inhalt und Ablauf der Ausbildungen, des Seminars, Workshops, der Reise oder sonstigen Veranstaltung [&hellip;]<\/p>\n","protected":false},"author":1,"featured_media":0,"parent":0,"menu_order":0,"comment_status":"closed","ping_status":"closed","template":"","meta":{"footnotes":""},"class_list":["post-1507","page","type-page","status-publish","hentry"],"yoast_head":"<!-- This site is optimized with the Yoast SEO plugin v27.1.1 - https:\/\/yoast.com\/product\/yoast-seo-wordpress\/ -->\n<title>AGB - Akademie f\u00fcr Tiertherapie - Hundeschule<\/title>\n<meta name=\"robots\" content=\"index, follow, max-snippet:-1, max-image-preview:large, max-video-preview:-1\" \/>\n<link rel=\"canonical\" href=\"https:\/\/akademie-tiertherapie.de\/hundeschule\/agb\/\" \/>\n<meta property=\"og:locale\" content=\"de_DE\" \/>\n<meta property=\"og:type\" content=\"article\" \/>\n<meta property=\"og:title\" content=\"AGB - Akademie f\u00fcr Tiertherapie - Hundeschule\" \/>\n<meta property=\"og:description\" content=\"\u00a0 Leistung Die vertraglich vereinbarten Leistungen ergeben sich aus den Leistungsbeschreibungen der Homepage und den zugesandten Informations- oder Vertragsunterlagen. Die ver\u00f6ffentlichten Angaben sind bindend. Die Service Rund um den Hund beh\u00e4lt sich jedoch vor aus berechtigten Gr\u00fcnden zumutbare \u00c4nderungen und Abweichungen zum Inhalt und Ablauf der Ausbildungen, des Seminars, Workshops, der Reise oder sonstigen Veranstaltung [&hellip;]\" \/>\n<meta property=\"og:url\" content=\"https:\/\/akademie-tiertherapie.de\/hundeschule\/agb\/\" \/>\n<meta property=\"og:site_name\" content=\"Akademie f\u00fcr Tiertherapie - Hundeschule\" \/>\n<meta property=\"article:publisher\" content=\"https:\/\/www.facebook.com\/AkademieTier\" \/>\n<meta property=\"article:modified_time\" content=\"2024-11-19T12:33:32+00:00\" \/>\n<meta name=\"twitter:card\" content=\"summary_large_image\" \/>\n<meta name=\"twitter:label1\" content=\"Gesch\u00e4tzte Lesezeit\" \/>\n\t<meta name=\"twitter:data1\" content=\"7\u00a0Minuten\" \/>\n<script type=\"application\/ld+json\" class=\"yoast-schema-graph\">{\"@context\":\"https:\/\/schema.org\",\"@graph\":[{\"@type\":\"WebPage\",\"@id\":\"https:\/\/akademie-tiertherapie.de\/hundeschule\/agb\/\",\"url\":\"https:\/\/akademie-tiertherapie.de\/hundeschule\/agb\/\",\"name\":\"AGB - Akademie f\u00fcr Tiertherapie - Hundeschule\",\"isPartOf\":{\"@id\":\"https:\/\/akademie-tiertherapie.de\/hundeschule\/#website\"},\"datePublished\":\"2021-08-11T10:45:37+00:00\",\"dateModified\":\"2024-11-19T12:33:32+00:00\",\"breadcrumb\":{\"@id\":\"https:\/\/akademie-tiertherapie.de\/hundeschule\/agb\/#breadcrumb\"},\"inLanguage\":\"de\",\"potentialAction\":[{\"@type\":\"ReadAction\",\"target\":[\"https:\/\/akademie-tiertherapie.de\/hundeschule\/agb\/\"]}]},{\"@type\":\"BreadcrumbList\",\"@id\":\"https:\/\/akademie-tiertherapie.de\/hundeschule\/agb\/#breadcrumb\",\"itemListElement\":[{\"@type\":\"ListItem\",\"position\":1,\"name\":\"Startseite\",\"item\":\"https:\/\/akademie-tiertherapie.de\/hundeschule\/\"},{\"@type\":\"ListItem\",\"position\":2,\"name\":\"AGB\"}]},{\"@type\":\"WebSite\",\"@id\":\"https:\/\/akademie-tiertherapie.de\/hundeschule\/#website\",\"url\":\"https:\/\/akademie-tiertherapie.de\/hundeschule\/\",\"name\":\"Akademie f\u00fcr Tiertherapie - Hundeschule\",\"description\":\"Akademie f\u00fcr Tiertherapeutische Berufe Ausbildung Hundepsychologe Hundephysiotherapeut Tiergest\u00fctzte Therapie\",\"publisher\":{\"@id\":\"https:\/\/akademie-tiertherapie.de\/hundeschule\/#organization\"},\"potentialAction\":[{\"@type\":\"SearchAction\",\"target\":{\"@type\":\"EntryPoint\",\"urlTemplate\":\"https:\/\/akademie-tiertherapie.de\/hundeschule\/?s={search_term_string}\"},\"query-input\":{\"@type\":\"PropertyValueSpecification\",\"valueRequired\":true,\"valueName\":\"search_term_string\"}}],\"inLanguage\":\"de\"},{\"@type\":\"Organization\",\"@id\":\"https:\/\/akademie-tiertherapie.de\/hundeschule\/#organization\",\"name\":\"Akademie Tiertherapie\",\"url\":\"https:\/\/akademie-tiertherapie.de\/hundeschule\/\",\"logo\":{\"@type\":\"ImageObject\",\"inLanguage\":\"de\",\"@id\":\"https:\/\/akademie-tiertherapie.de\/hundeschule\/#\/schema\/logo\/image\/\",\"url\":\"https:\/\/akademie-tiertherapie.de\/hundeschule\/wp-content\/uploads\/2022\/03\/ALogoBrown726KB.png\",\"contentUrl\":\"https:\/\/akademie-tiertherapie.de\/hundeschule\/wp-content\/uploads\/2022\/03\/ALogoBrown726KB.png\",\"width\":2233,\"height\":2173,\"caption\":\"Akademie Tiertherapie\"},\"image\":{\"@id\":\"https:\/\/akademie-tiertherapie.de\/hundeschule\/#\/schema\/logo\/image\/\"},\"sameAs\":[\"https:\/\/www.facebook.com\/AkademieTier\",\"https:\/\/www.instagram.com\/akademietier\/\"]}]}<\/script>\n<!-- \/ Yoast SEO plugin. -->","yoast_head_json":{"title":"AGB - Akademie f\u00fcr Tiertherapie - Hundeschule","robots":{"index":"index","follow":"follow","max-snippet":"max-snippet:-1","max-image-preview":"max-image-preview:large","max-video-preview":"max-video-preview:-1"},"canonical":"https:\/\/akademie-tiertherapie.de\/hundeschule\/agb\/","og_locale":"de_DE","og_type":"article","og_title":"AGB - Akademie f\u00fcr Tiertherapie - Hundeschule","og_description":"\u00a0 Leistung Die vertraglich vereinbarten Leistungen ergeben sich aus den Leistungsbeschreibungen der Homepage und den zugesandten Informations- oder Vertragsunterlagen. Die ver\u00f6ffentlichten Angaben sind bindend. Die Service Rund um den Hund beh\u00e4lt sich jedoch vor aus berechtigten Gr\u00fcnden zumutbare \u00c4nderungen und Abweichungen zum Inhalt und Ablauf der Ausbildungen, des Seminars, Workshops, der Reise oder sonstigen Veranstaltung [&hellip;]","og_url":"https:\/\/akademie-tiertherapie.de\/hundeschule\/agb\/","og_site_name":"Akademie f\u00fcr Tiertherapie - Hundeschule","article_publisher":"https:\/\/www.facebook.com\/AkademieTier","article_modified_time":"2024-11-19T12:33:32+00:00","twitter_card":"summary_large_image","twitter_misc":{"Gesch\u00e4tzte Lesezeit":"7\u00a0Minuten"},"schema":{"@context":"https:\/\/schema.org","@graph":[{"@type":"WebPage","@id":"https:\/\/akademie-tiertherapie.de\/hundeschule\/agb\/","url":"https:\/\/akademie-tiertherapie.de\/hundeschule\/agb\/","name":"AGB - Akademie f\u00fcr Tiertherapie - Hundeschule","isPartOf":{"@id":"https:\/\/akademie-tiertherapie.de\/hundeschule\/#website"},"datePublished":"2021-08-11T10:45:37+00:00","dateModified":"2024-11-19T12:33:32+00:00","breadcrumb":{"@id":"https:\/\/akademie-tiertherapie.de\/hundeschule\/agb\/#breadcrumb"},"inLanguage":"de","potentialAction":[{"@type":"ReadAction","target":["https:\/\/akademie-tiertherapie.de\/hundeschule\/agb\/"]}]},{"@type":"BreadcrumbList","@id":"https:\/\/akademie-tiertherapie.de\/hundeschule\/agb\/#breadcrumb","itemListElement":[{"@type":"ListItem","position":1,"name":"Startseite","item":"https:\/\/akademie-tiertherapie.de\/hundeschule\/"},{"@type":"ListItem","position":2,"name":"AGB"}]},{"@type":"WebSite","@id":"https:\/\/akademie-tiertherapie.de\/hundeschule\/#website","url":"https:\/\/akademie-tiertherapie.de\/hundeschule\/","name":"Akademie f\u00fcr Tiertherapie - Hundeschule","description":"Akademie f\u00fcr Tiertherapeutische Berufe Ausbildung Hundepsychologe Hundephysiotherapeut Tiergest\u00fctzte Therapie","publisher":{"@id":"https:\/\/akademie-tiertherapie.de\/hundeschule\/#organization"},"potentialAction":[{"@type":"SearchAction","target":{"@type":"EntryPoint","urlTemplate":"https:\/\/akademie-tiertherapie.de\/hundeschule\/?s={search_term_string}"},"query-input":{"@type":"PropertyValueSpecification","valueRequired":true,"valueName":"search_term_string"}}],"inLanguage":"de"},{"@type":"Organization","@id":"https:\/\/akademie-tiertherapie.de\/hundeschule\/#organization","name":"Akademie Tiertherapie","url":"https:\/\/akademie-tiertherapie.de\/hundeschule\/","logo":{"@type":"ImageObject","inLanguage":"de","@id":"https:\/\/akademie-tiertherapie.de\/hundeschule\/#\/schema\/logo\/image\/","url":"https:\/\/akademie-tiertherapie.de\/hundeschule\/wp-content\/uploads\/2022\/03\/ALogoBrown726KB.png","contentUrl":"https:\/\/akademie-tiertherapie.de\/hundeschule\/wp-content\/uploads\/2022\/03\/ALogoBrown726KB.png","width":2233,"height":2173,"caption":"Akademie Tiertherapie"},"image":{"@id":"https:\/\/akademie-tiertherapie.de\/hundeschule\/#\/schema\/logo\/image\/"},"sameAs":["https:\/\/www.facebook.com\/AkademieTier","https:\/\/www.instagram.com\/akademietier\/"]}]}},"_links":{"self":[{"href":"https:\/\/akademie-tiertherapie.de\/hundeschule\/wp-json\/wp\/v2\/pages\/1507","targetHints":{"allow":["GET"]}}],"collection":[{"href":"https:\/\/akademie-tiertherapie.de\/hundeschule\/wp-json\/wp\/v2\/pages"}],"about":[{"href":"https:\/\/akademie-tiertherapie.de\/hundeschule\/wp-json\/wp\/v2\/types\/page"}],"author":[{"embeddable":true,"href":"https:\/\/akademie-tiertherapie.de\/hundeschule\/wp-json\/wp\/v2\/users\/1"}],"replies":[{"embeddable":true,"href":"https:\/\/akademie-tiertherapie.de\/hundeschule\/wp-json\/wp\/v2\/comments?post=1507"}],"version-history":[{"count":40,"href":"https:\/\/akademie-tiertherapie.de\/hundeschule\/wp-json\/wp\/v2\/pages\/1507\/revisions"}],"predecessor-version":[{"id":4440,"href":"https:\/\/akademie-tiertherapie.de\/hundeschule\/wp-json\/wp\/v2\/pages\/1507\/revisions\/4440"}],"wp:attachment":[{"href":"https:\/\/akademie-tiertherapie.de\/hundeschule\/wp-json\/wp\/v2\/media?parent=1507"}],"curies":[{"name":"wp","href":"https:\/\/api.w.org\/{rel}","templated":true}]}}