{"id":4466,"date":"2025-01-03T16:49:18","date_gmt":"2025-01-03T15:49:18","guid":{"rendered":"https:\/\/akademie-tiertherapie.de\/hundeschule\/?page_id=4466"},"modified":"2025-01-03T16:59:07","modified_gmt":"2025-01-03T15:59:07","slug":"marcel-schlief","status":"publish","type":"page","link":"https:\/\/akademie-tiertherapie.de\/hundeschule\/marcel-schlief\/","title":{"rendered":"Marcel Schlief"},"content":{"rendered":"\t\t<div data-elementor-type=\"wp-page\" data-elementor-id=\"4466\" class=\"elementor elementor-4466\" data-elementor-post-type=\"page\">\n\t\t\t\t\t\t<section class=\"elementor-section elementor-top-section elementor-element elementor-element-7506d39 elementor-section-boxed elementor-section-height-default elementor-section-height-default\" data-id=\"7506d39\" data-element_type=\"section\" data-e-type=\"section\">\n\t\t\t\t\t\t<div class=\"elementor-container elementor-column-gap-extended\">\n\t\t\t\t\t<div class=\"elementor-column elementor-col-50 elementor-top-column elementor-element elementor-element-e1d7e7b\" data-id=\"e1d7e7b\" data-element_type=\"column\" data-e-type=\"column\">\n\t\t\t<div class=\"elementor-widget-wrap elementor-element-populated\">\n\t\t\t\t\t\t<div class=\"elementor-element elementor-element-d372d68 elementor-widget elementor-widget-themedraft_section_title\" data-id=\"d372d68\" data-element_type=\"widget\" data-e-type=\"widget\" data-widget_type=\"themedraft_section_title.default\">\n\t\t\t\t<div class=\"elementor-widget-container\">\n\t\t\t\t\t\n        <div class=\"row\">\n            <div class=\"col-lg-12\">\n                <div class=\"td-section-title-wrap section-title-8061\">\n                    <div class=\"td-section-title-content\">\n\t\t\t\t\t\t\n\t\t\t\t\t\t                        <h6 class=\"subtitle\">Dozent<\/h6>\n\t\t\t\t\t\n                    <h2 class=\"title\">Marcel Schlief                <\/h2>\n\t\t\t\t                    <div class=\"title-description\">\n\t\t\t\t\t\t<ul><li>Hundetrainer <em>(Erlaubnis gem. \u00a7 11 Abs. 1 Nr. 8 f TierSchG)<\/em><\/li><li>Tierpfleger<\/li><li>Wesenstestvorbereitung<\/li><\/ul>                    <\/div>\n\t\t\t\t            <\/div>\n        <\/div>\n        <\/div>\n\n        <style>\n            .td-section-title-wrap.section-title-8061 .subtitle:before{\n                background-image: url(\"https:\/\/akademie-tiertherapie.de\/hundeschule\/wp-content\/uploads\/2025\/01\/shape-blue.png\");\n            }\n        <\/style>\n        <\/div>\n\n\t\t\t\t\t\t<\/div>\n\t\t\t\t<\/div>\n\t\t\t\t\t<\/div>\n\t\t<\/div>\n\t\t\t\t<div class=\"elementor-column elementor-col-50 elementor-top-column elementor-element elementor-element-d2ff0aa\" data-id=\"d2ff0aa\" data-element_type=\"column\" data-e-type=\"column\">\n\t\t\t<div class=\"elementor-widget-wrap elementor-element-populated\">\n\t\t\t\t\t\t<div class=\"elementor-element elementor-element-c0276e9 elementor-widget elementor-widget-themedraft_image\" data-id=\"c0276e9\" data-element_type=\"widget\" data-e-type=\"widget\" data-widget_type=\"themedraft_image.default\">\n\t\t\t\t<div class=\"elementor-widget-container\">\n\t\t\t\t\t\n\t\t<div class=\"td-image-widget-wrapper\">\n\t\t\t<div class=\"td-image-container\">\n\t\t\t\t<img decoding=\"async\" src=\"https:\/\/akademie-tiertherapie.de\/hundeschule\/wp-content\/uploads\/2025\/01\/Marcel-2.jpg\" alt=\"\">\n\t\t\t<\/div>\n\t\t<\/div>\n\n\t\t\t\t\t\t<\/div>\n\t\t\t\t<\/div>\n\t\t\t\t\t<\/div>\n\t\t<\/div>\n\t\t\t\t\t<\/div>\n\t\t<\/section>\n\t\t\t\t<section class=\"elementor-section elementor-top-section elementor-element elementor-element-2bf6497 elementor-section-boxed elementor-section-height-default elementor-section-height-default\" data-id=\"2bf6497\" data-element_type=\"section\" data-e-type=\"section\">\n\t\t\t\t\t\t<div class=\"elementor-container elementor-column-gap-default\">\n\t\t\t\t\t<div class=\"elementor-column elementor-col-100 elementor-top-column elementor-element elementor-element-f806e61\" data-id=\"f806e61\" data-element_type=\"column\" data-e-type=\"column\">\n\t\t\t<div class=\"elementor-widget-wrap elementor-element-populated\">\n\t\t\t\t\t\t<div class=\"elementor-element elementor-element-89282f5 elementor-widget elementor-widget-text-editor\" data-id=\"89282f5\" data-element_type=\"widget\" data-e-type=\"widget\" data-widget_type=\"text-editor.default\">\n\t\t\t\t<div class=\"elementor-widget-container\">\n\t\t\t\t\t\t\t\t\t<p style=\"font-weight: 400;\"><strong>\u00dcber mich<\/strong><\/p><p style=\"font-weight: 400;\">Mein Name ist Marcel Schlief, und ich widme mein Leben der Arbeit mit Hunden \u2013 insbesondere jenen, die als schwierig oder aggressiv gelten. \u00dcber 12 Jahre war ich als Tierpfleger und Leiter des Hundebereichs bei \u201eTiere in Not Odenwald\u201c t\u00e4tig. Dort habe ich umfassende Erfahrungen in den Bereichen Hygiene, Haltung und Pflege im Tierheim, der Sicherung von Hunden, Selbstschutz im Berufsfeld Tierpflege sowie der Zusammenstellung und dem Management von Hundegruppen gesammelt.<\/p><p style=\"font-weight: 400;\">Besonders am Herzen lag mir immer die Arbeit mit Hunden, die Aggressions- oder Angstverhalten zeigen. Mein Ziel war es stets, diese Hunde auf ein neues Leben in Familien vorzubereiten, sie zu stabilisieren und ihre Chancen auf ein liebevolles Zuhause zu erh\u00f6hen.<\/p><p style=\"font-weight: 400;\">Parallel zu meiner T\u00e4tigkeit im Tierheim war ich jahrelang als Dozent bei \u201eKynologisch\u201c aktiv. Heute arbeite ich selbstst\u00e4ndig als Hundetrainer und habe mich darauf spezialisiert, schwierige Hunde und ihre Halter zu begleiten. Ich bereite Hunde gezielt auf Wesenstests vor, biete Seminare und Workshops an und bin als Dozent an der Akademie f\u00fcr tiertherapeutische Berufe t\u00e4tig.<\/p><p style=\"font-weight: 400;\">F\u00fcr mich steht immer das Wohl des Hundes und die Beziehung zwischen Mensch und Tier im Mittelpunkt. Es erf\u00fcllt mich, Menschen und ihre Hunde dabei zu unterst\u00fctzen, Herausforderungen zu meistern und ein harmonisches Miteinander zu entwickeln. Mein Ansatz basiert auf fachlichem Wissen, jahrelanger praktischer Erfahrung und einem tiefen Verst\u00e4ndnis f\u00fcr die Bed\u00fcrfnisse von Hunden und ihren Menschen.<\/p><p style=\"font-weight: 400;\">Meine Lieblingsthemen<\/p><ul style=\"font-weight: 400;\"><li>Umgang mit Aggressions- und Angstverhalten<\/li><li>Zusammenstellung und Management von Hundegruppen<\/li><li>Sozialisierungsstunden und \u201eRaufergruppen\u201c<\/li><li>Sicherung und Handling von Hunden<\/li><li>Selbstschutz im Berufsfeld Tierpflege<\/li><li>Hygiene, Haltung und Pflege im Tierheim<\/li><\/ul>\t\t\t\t\t\t\t\t<\/div>\n\t\t\t\t<\/div>\n\t\t\t\t\t<\/div>\n\t\t<\/div>\n\t\t\t\t\t<\/div>\n\t\t<\/section>\n\t\t\t\t<\/div>\n\t\t","protected":false},"excerpt":{"rendered":"<p>Dozent Marcel Schlief Hundetrainer (Erlaubnis gem. \u00a7 11 Abs. 1 Nr. 8 f TierSchG) Tierpfleger Wesenstestvorbereitung \u00dcber mich Mein Name ist Marcel Schlief, und ich widme mein Leben der Arbeit mit Hunden \u2013 insbesondere jenen, die als schwierig oder aggressiv gelten. \u00dcber 12 Jahre war ich als Tierpfleger und Leiter des Hundebereichs bei \u201eTiere in [&hellip;]<\/p>\n","protected":false},"author":2,"featured_media":0,"parent":0,"menu_order":0,"comment_status":"closed","ping_status":"closed","template":"","meta":{"footnotes":""},"class_list":["post-4466","page","type-page","status-publish","hentry"],"yoast_head":"<!-- This site is optimized with the Yoast SEO plugin v27.1.1 - https:\/\/yoast.com\/product\/yoast-seo-wordpress\/ -->\n<title>Marcel Schlief - Akademie f\u00fcr Tiertherapie - Hundeschule<\/title>\n<meta name=\"robots\" content=\"index, follow, max-snippet:-1, max-image-preview:large, max-video-preview:-1\" \/>\n<link rel=\"canonical\" href=\"https:\/\/akademie-tiertherapie.de\/hundeschule\/marcel-schlief\/\" \/>\n<meta property=\"og:locale\" content=\"de_DE\" \/>\n<meta property=\"og:type\" content=\"article\" \/>\n<meta property=\"og:title\" content=\"Marcel Schlief - Akademie f\u00fcr Tiertherapie - Hundeschule\" \/>\n<meta property=\"og:description\" content=\"Dozent Marcel Schlief Hundetrainer (Erlaubnis gem. \u00a7 11 Abs. 1 Nr. 8 f TierSchG) Tierpfleger Wesenstestvorbereitung \u00dcber mich Mein Name ist Marcel Schlief, und ich widme mein Leben der Arbeit mit Hunden \u2013 insbesondere jenen, die als schwierig oder aggressiv gelten. \u00dcber 12 Jahre war ich als Tierpfleger und Leiter des Hundebereichs bei \u201eTiere in [&hellip;]\" \/>\n<meta property=\"og:url\" content=\"https:\/\/akademie-tiertherapie.de\/hundeschule\/marcel-schlief\/\" \/>\n<meta property=\"og:site_name\" content=\"Akademie f\u00fcr Tiertherapie - Hundeschule\" \/>\n<meta property=\"article:publisher\" content=\"https:\/\/www.facebook.com\/AkademieTier\" \/>\n<meta property=\"article:modified_time\" content=\"2025-01-03T15:59:07+00:00\" \/>\n<meta property=\"og:image\" content=\"https:\/\/akademie-tiertherapie.de\/hundeschule\/wp-content\/uploads\/2025\/01\/Marcel-2.jpg\" \/>\n<meta name=\"twitter:card\" content=\"summary_large_image\" \/>\n<meta name=\"twitter:label1\" content=\"Gesch\u00e4tzte Lesezeit\" \/>\n\t<meta name=\"twitter:data1\" content=\"1\u00a0Minute\" \/>\n<script type=\"application\/ld+json\" class=\"yoast-schema-graph\">{\"@context\":\"https:\/\/schema.org\",\"@graph\":[{\"@type\":\"WebPage\",\"@id\":\"https:\/\/akademie-tiertherapie.de\/hundeschule\/marcel-schlief\/\",\"url\":\"https:\/\/akademie-tiertherapie.de\/hundeschule\/marcel-schlief\/\",\"name\":\"Marcel Schlief - Akademie f\u00fcr Tiertherapie - Hundeschule\",\"isPartOf\":{\"@id\":\"https:\/\/akademie-tiertherapie.de\/hundeschule\/#website\"},\"primaryImageOfPage\":{\"@id\":\"https:\/\/akademie-tiertherapie.de\/hundeschule\/marcel-schlief\/#primaryimage\"},\"image\":{\"@id\":\"https:\/\/akademie-tiertherapie.de\/hundeschule\/marcel-schlief\/#primaryimage\"},\"thumbnailUrl\":\"https:\/\/akademie-tiertherapie.de\/hundeschule\/wp-content\/uploads\/2025\/01\/Marcel-2.jpg\",\"datePublished\":\"2025-01-03T15:49:18+00:00\",\"dateModified\":\"2025-01-03T15:59:07+00:00\",\"breadcrumb\":{\"@id\":\"https:\/\/akademie-tiertherapie.de\/hundeschule\/marcel-schlief\/#breadcrumb\"},\"inLanguage\":\"de\",\"potentialAction\":[{\"@type\":\"ReadAction\",\"target\":[\"https:\/\/akademie-tiertherapie.de\/hundeschule\/marcel-schlief\/\"]}]},{\"@type\":\"ImageObject\",\"inLanguage\":\"de\",\"@id\":\"https:\/\/akademie-tiertherapie.de\/hundeschule\/marcel-schlief\/#primaryimage\",\"url\":\"https:\/\/akademie-tiertherapie.de\/hundeschule\/wp-content\/uploads\/2025\/01\/Marcel-2.jpg\",\"contentUrl\":\"https:\/\/akademie-tiertherapie.de\/hundeschule\/wp-content\/uploads\/2025\/01\/Marcel-2.jpg\",\"width\":1024,\"height\":837},{\"@type\":\"BreadcrumbList\",\"@id\":\"https:\/\/akademie-tiertherapie.de\/hundeschule\/marcel-schlief\/#breadcrumb\",\"itemListElement\":[{\"@type\":\"ListItem\",\"position\":1,\"name\":\"Startseite\",\"item\":\"https:\/\/akademie-tiertherapie.de\/hundeschule\/\"},{\"@type\":\"ListItem\",\"position\":2,\"name\":\"Marcel Schlief\"}]},{\"@type\":\"WebSite\",\"@id\":\"https:\/\/akademie-tiertherapie.de\/hundeschule\/#website\",\"url\":\"https:\/\/akademie-tiertherapie.de\/hundeschule\/\",\"name\":\"Akademie f\u00fcr Tiertherapie - Hundeschule\",\"description\":\"Akademie f\u00fcr Tiertherapeutische Berufe Ausbildung Hundepsychologe Hundephysiotherapeut Tiergest\u00fctzte Therapie\",\"publisher\":{\"@id\":\"https:\/\/akademie-tiertherapie.de\/hundeschule\/#organization\"},\"potentialAction\":[{\"@type\":\"SearchAction\",\"target\":{\"@type\":\"EntryPoint\",\"urlTemplate\":\"https:\/\/akademie-tiertherapie.de\/hundeschule\/?s={search_term_string}\"},\"query-input\":{\"@type\":\"PropertyValueSpecification\",\"valueRequired\":true,\"valueName\":\"search_term_string\"}}],\"inLanguage\":\"de\"},{\"@type\":\"Organization\",\"@id\":\"https:\/\/akademie-tiertherapie.de\/hundeschule\/#organization\",\"name\":\"Akademie Tiertherapie\",\"url\":\"https:\/\/akademie-tiertherapie.de\/hundeschule\/\",\"logo\":{\"@type\":\"ImageObject\",\"inLanguage\":\"de\",\"@id\":\"https:\/\/akademie-tiertherapie.de\/hundeschule\/#\/schema\/logo\/image\/\",\"url\":\"https:\/\/akademie-tiertherapie.de\/hundeschule\/wp-content\/uploads\/2022\/03\/ALogoBrown726KB.png\",\"contentUrl\":\"https:\/\/akademie-tiertherapie.de\/hundeschule\/wp-content\/uploads\/2022\/03\/ALogoBrown726KB.png\",\"width\":2233,\"height\":2173,\"caption\":\"Akademie Tiertherapie\"},\"image\":{\"@id\":\"https:\/\/akademie-tiertherapie.de\/hundeschule\/#\/schema\/logo\/image\/\"},\"sameAs\":[\"https:\/\/www.facebook.com\/AkademieTier\",\"https:\/\/www.instagram.com\/akademietier\/\"]}]}<\/script>\n<!-- \/ Yoast SEO plugin. -->","yoast_head_json":{"title":"Marcel Schlief - Akademie f\u00fcr Tiertherapie - Hundeschule","robots":{"index":"index","follow":"follow","max-snippet":"max-snippet:-1","max-image-preview":"max-image-preview:large","max-video-preview":"max-video-preview:-1"},"canonical":"https:\/\/akademie-tiertherapie.de\/hundeschule\/marcel-schlief\/","og_locale":"de_DE","og_type":"article","og_title":"Marcel Schlief - Akademie f\u00fcr Tiertherapie - Hundeschule","og_description":"Dozent Marcel Schlief Hundetrainer (Erlaubnis gem. \u00a7 11 Abs. 1 Nr. 8 f TierSchG) Tierpfleger Wesenstestvorbereitung \u00dcber mich Mein Name ist Marcel Schlief, und ich widme mein Leben der Arbeit mit Hunden \u2013 insbesondere jenen, die als schwierig oder aggressiv gelten. \u00dcber 12 Jahre war ich als Tierpfleger und Leiter des Hundebereichs bei \u201eTiere in [&hellip;]","og_url":"https:\/\/akademie-tiertherapie.de\/hundeschule\/marcel-schlief\/","og_site_name":"Akademie f\u00fcr Tiertherapie - Hundeschule","article_publisher":"https:\/\/www.facebook.com\/AkademieTier","article_modified_time":"2025-01-03T15:59:07+00:00","og_image":[{"url":"https:\/\/akademie-tiertherapie.de\/hundeschule\/wp-content\/uploads\/2025\/01\/Marcel-2.jpg","type":"","width":"","height":""}],"twitter_card":"summary_large_image","twitter_misc":{"Gesch\u00e4tzte Lesezeit":"1\u00a0Minute"},"schema":{"@context":"https:\/\/schema.org","@graph":[{"@type":"WebPage","@id":"https:\/\/akademie-tiertherapie.de\/hundeschule\/marcel-schlief\/","url":"https:\/\/akademie-tiertherapie.de\/hundeschule\/marcel-schlief\/","name":"Marcel Schlief - Akademie f\u00fcr Tiertherapie - Hundeschule","isPartOf":{"@id":"https:\/\/akademie-tiertherapie.de\/hundeschule\/#website"},"primaryImageOfPage":{"@id":"https:\/\/akademie-tiertherapie.de\/hundeschule\/marcel-schlief\/#primaryimage"},"image":{"@id":"https:\/\/akademie-tiertherapie.de\/hundeschule\/marcel-schlief\/#primaryimage"},"thumbnailUrl":"https:\/\/akademie-tiertherapie.de\/hundeschule\/wp-content\/uploads\/2025\/01\/Marcel-2.jpg","datePublished":"2025-01-03T15:49:18+00:00","dateModified":"2025-01-03T15:59:07+00:00","breadcrumb":{"@id":"https:\/\/akademie-tiertherapie.de\/hundeschule\/marcel-schlief\/#breadcrumb"},"inLanguage":"de","potentialAction":[{"@type":"ReadAction","target":["https:\/\/akademie-tiertherapie.de\/hundeschule\/marcel-schlief\/"]}]},{"@type":"ImageObject","inLanguage":"de","@id":"https:\/\/akademie-tiertherapie.de\/hundeschule\/marcel-schlief\/#primaryimage","url":"https:\/\/akademie-tiertherapie.de\/hundeschule\/wp-content\/uploads\/2025\/01\/Marcel-2.jpg","contentUrl":"https:\/\/akademie-tiertherapie.de\/hundeschule\/wp-content\/uploads\/2025\/01\/Marcel-2.jpg","width":1024,"height":837},{"@type":"BreadcrumbList","@id":"https:\/\/akademie-tiertherapie.de\/hundeschule\/marcel-schlief\/#breadcrumb","itemListElement":[{"@type":"ListItem","position":1,"name":"Startseite","item":"https:\/\/akademie-tiertherapie.de\/hundeschule\/"},{"@type":"ListItem","position":2,"name":"Marcel Schlief"}]},{"@type":"WebSite","@id":"https:\/\/akademie-tiertherapie.de\/hundeschule\/#website","url":"https:\/\/akademie-tiertherapie.de\/hundeschule\/","name":"Akademie f\u00fcr Tiertherapie - Hundeschule","description":"Akademie f\u00fcr Tiertherapeutische Berufe Ausbildung Hundepsychologe Hundephysiotherapeut Tiergest\u00fctzte Therapie","publisher":{"@id":"https:\/\/akademie-tiertherapie.de\/hundeschule\/#organization"},"potentialAction":[{"@type":"SearchAction","target":{"@type":"EntryPoint","urlTemplate":"https:\/\/akademie-tiertherapie.de\/hundeschule\/?s={search_term_string}"},"query-input":{"@type":"PropertyValueSpecification","valueRequired":true,"valueName":"search_term_string"}}],"inLanguage":"de"},{"@type":"Organization","@id":"https:\/\/akademie-tiertherapie.de\/hundeschule\/#organization","name":"Akademie Tiertherapie","url":"https:\/\/akademie-tiertherapie.de\/hundeschule\/","logo":{"@type":"ImageObject","inLanguage":"de","@id":"https:\/\/akademie-tiertherapie.de\/hundeschule\/#\/schema\/logo\/image\/","url":"https:\/\/akademie-tiertherapie.de\/hundeschule\/wp-content\/uploads\/2022\/03\/ALogoBrown726KB.png","contentUrl":"https:\/\/akademie-tiertherapie.de\/hundeschule\/wp-content\/uploads\/2022\/03\/ALogoBrown726KB.png","width":2233,"height":2173,"caption":"Akademie Tiertherapie"},"image":{"@id":"https:\/\/akademie-tiertherapie.de\/hundeschule\/#\/schema\/logo\/image\/"},"sameAs":["https:\/\/www.facebook.com\/AkademieTier","https:\/\/www.instagram.com\/akademietier\/"]}]}},"_links":{"self":[{"href":"https:\/\/akademie-tiertherapie.de\/hundeschule\/wp-json\/wp\/v2\/pages\/4466","targetHints":{"allow":["GET"]}}],"collection":[{"href":"https:\/\/akademie-tiertherapie.de\/hundeschule\/wp-json\/wp\/v2\/pages"}],"about":[{"href":"https:\/\/akademie-tiertherapie.de\/hundeschule\/wp-json\/wp\/v2\/types\/page"}],"author":[{"embeddable":true,"href":"https:\/\/akademie-tiertherapie.de\/hundeschule\/wp-json\/wp\/v2\/users\/2"}],"replies":[{"embeddable":true,"href":"https:\/\/akademie-tiertherapie.de\/hundeschule\/wp-json\/wp\/v2\/comments?post=4466"}],"version-history":[{"count":10,"href":"https:\/\/akademie-tiertherapie.de\/hundeschule\/wp-json\/wp\/v2\/pages\/4466\/revisions"}],"predecessor-version":[{"id":4479,"href":"https:\/\/akademie-tiertherapie.de\/hundeschule\/wp-json\/wp\/v2\/pages\/4466\/revisions\/4479"}],"wp:attachment":[{"href":"https:\/\/akademie-tiertherapie.de\/hundeschule\/wp-json\/wp\/v2\/media?parent=4466"}],"curies":[{"name":"wp","href":"https:\/\/api.w.org\/{rel}","templated":true}]}}