{"id":993,"date":"2021-08-05T15:12:02","date_gmt":"2021-08-05T13:12:02","guid":{"rendered":"https:\/\/www.akademie-tiertherapie.de\/veranstaltungen\/?page_id=993"},"modified":"2021-09-02T16:30:54","modified_gmt":"2021-09-02T14:30:54","slug":"ueber-die-akademie","status":"publish","type":"page","link":"https:\/\/akademie-tiertherapie.de\/veranstaltungen\/ueber-die-akademie\/","title":{"rendered":"\u00dcber die Akademie"},"content":{"rendered":"\t\t<div data-elementor-type=\"wp-page\" data-elementor-id=\"993\" class=\"elementor elementor-993\" data-elementor-post-type=\"page\">\n\t\t\t\t\t\t<section class=\"elementor-section elementor-top-section elementor-element elementor-element-6ee7da20 elementor-section-boxed elementor-section-height-default elementor-section-height-default\" data-id=\"6ee7da20\" data-element_type=\"section\" data-e-type=\"section\">\n\t\t\t\t\t\t<div class=\"elementor-container elementor-column-gap-default\">\n\t\t\t\t\t<div class=\"elementor-column elementor-col-100 elementor-top-column elementor-element elementor-element-2690073f\" data-id=\"2690073f\" data-element_type=\"column\" data-e-type=\"column\">\n\t\t\t<div class=\"elementor-widget-wrap elementor-element-populated\">\n\t\t\t\t\t\t<div class=\"elementor-element elementor-element-8b69f9f elementor-widget elementor-widget-themedraft_service_box_two\" data-id=\"8b69f9f\" data-element_type=\"widget\" data-e-type=\"widget\" data-widget_type=\"themedraft_service_box_two.default\">\n\t\t\t\t<div class=\"elementor-widget-container\">\n\t\t\t\t\t\n        <div class=\"td-service-box-2-wrapper\">\n            <div class=\"row\">\n\t\t\t\t\n                        <div class=\"service-box-column col-lg-6 col-md-6\">\n                            <div class=\"td-single-service-box-2\">\n                                <div class=\"td-service-box-2-icon service-icon-number-1\">\n\n\t\t\t\t\t\t\t\t\t\t\t\t\t\t\t\t\t\t\t<i aria-hidden=\"true\" class=\"fas fa-chalkboard-teacher\"><\/i>\t\t\t\t\t\t\t\t\t                                <\/div>\n\n                                <div class=\"td-service-box-2-content\">\n\t\t\t\t\t\t\t\t\t                                        <h4 class=\"td-service-box-2-title\">Dozenten<\/h4>\n\t\t\t\t\t\t\t\t\t\n\t\t\t\t\t\t\t\t\t<p>Nur Dozenten, die mit unserem Leitziel und der Philosophie der Akademie \u00fcbereinstimmen und dar\u00fcber hinaus auch noch die hohen Qualti\u00e4tsanspr\u00fcch erf\u00fcllen, werden in die Akademie aufgenommen.<\/p><p>Die Akademieleitung steht in engem, harmonischem Kontakt mit den Dozenten und legt besonderen Wert auf eine gut organisierte und intensive Aus- und Weiterbildung. Dies gelingt durch sehr fachkundige Dozenten in allen Bereichen. Ein guter Dozent hat aber nicht nur Interesse daran, sein Fachwissen weiterzugeben, sondern ist empathisch und interessiert sich f\u00fcr die Belange der Teilnehmer.<\/p><p>An der Akademie wird sichergestellt, dass die Dozenten eine grundlegende Aus- bzw. Weiterbildung in ihren Fachbereichen vorlegen und dieses Wissen qualifiziert vermitteln k\u00f6nnen.<\/p>                                <\/div>\n\n                                <div class=\"service-box-2-button-wrapper\">\n                                    <a href=\"\" class=\"td_text_button td-service-box-2-button\"><\/a>\n                                <\/div>\n                            <\/div>\n                        <\/div>\n\n\t\t\t\t\t\n                        <div class=\"service-box-column col-lg-6 col-md-6\">\n                            <div class=\"td-single-service-box-2\">\n                                <div class=\"td-service-box-2-icon service-icon-number-2\">\n\n\t\t\t\t\t\t\t\t\t\t\t\t\t\t\t\t\t\t\t<i aria-hidden=\"true\" class=\"td-icon flaticon-business-network\"><\/i>\t\t\t\t\t\t\t\t\t                                <\/div>\n\n                                <div class=\"td-service-box-2-content\">\n\t\t\t\t\t\t\t\t\t                                        <h4 class=\"td-service-box-2-title\">Verband<\/h4>\n\t\t\t\t\t\t\t\t\t\n\t\t\t\t\t\t\t\t\t<p>Die Akademie f\u00fcr Tiertherapeutische Berufe ist zertifizierte\u00a0<\/p><p>\u00a0<\/p><p>Ausbildungseinrichtung des Deutschen Fachverbandes f\u00fcr Tiertherapeutische Berufe e.V. (DFTB). Dieser Verband dient dem Zweck fundiert ausgebildete, anerkannte Tiertherapeuten zu vereinen, damit diese vom Endkunden leichter erkannt werden k\u00f6nnen. Durch diese Gemeinschaft kann sichergestellt werden, dass Tiertherapeuten, die diesem Verband angeh\u00f6ren, das notwendige Wissen besitzen, um diesen Beruf auszu\u00fcben.<\/p><p>Durch die Zusammenarbeit mit dem DFTB besteht f\u00fcr Studenten der Akademie f\u00fcr Tiertherapeutische Berufe die M\u00f6glichkeit, nach bestandener Pr\u00fcfung zus\u00e4tzlich die Verbandszertifizierung zu erlangen. Hierzu muss keine zus\u00e4tzliche Pr\u00fcfun absolviert werden, da bei der Abschlusspr\u00fcfung der Akademie f\u00fcr Tiertherapeutische Berufe Verbandspr\u00fcfer des DFTB anwesend sind.<\/p><p><img decoding=\"async\" class=\"size-full wp-image-995 alignleft\" src=\"https:\/\/akademie-tiertherapie.de\/veranstaltungen\/wp-content\/uploads\/2021\/08\/DFTB-braun.png\" alt=\"\" width=\"215\" height=\"205\" \/><\/p><p>Eine Mitgliedschaft beim <strong><a href=\"https:\/\/www.dftb-online.de\/\" target=\"_blank\" rel=\"noopener\">DFTB<\/a><\/strong> kann nach Wunsch beantragt werden, ist aber nat\u00fcrlich nicht verpflichtend.<\/p><p>N\u00e4here Informationen zum Verband entnmehme Sie bitte der Homepage des <strong><a href=\"https:\/\/www.dftb-online.de\/\" target=\"_blank\" rel=\"noopener\">DFTB<\/a><\/strong>.<\/p>                                <\/div>\n\n                                <div class=\"service-box-2-button-wrapper\">\n                                    <a href=\"\" class=\"td_text_button td-service-box-2-button\"><\/a>\n                                <\/div>\n                            <\/div>\n                        <\/div>\n\n\t\t\t\t\t            <\/div>\n\n            <style>\n                \n                .td-service-box-2-icon.service-icon-number-1{\n                    background-color: #9E834E;\n                }\n\n                .td-service-box-2-icon.service-icon-number-1 i{\n                    color: #FFFFFF;\n                }\n\n                .td-service-box-2-icon.service-icon-number-1 svg{\n                    fill: #FFFFFF;\n                }\n                \n                .td-service-box-2-icon.service-icon-number-2{\n                    background-color: #9E834E;\n                }\n\n                .td-service-box-2-icon.service-icon-number-2 i{\n                    color: #FFFFFF;\n                }\n\n                .td-service-box-2-icon.service-icon-number-2 svg{\n                    fill: #FFFFFF;\n                }\n                            <\/style>\n        <\/div>\n\n\t\t\t\t\t\t<\/div>\n\t\t\t\t<\/div>\n\t\t\t\t\t<\/div>\n\t\t<\/div>\n\t\t\t\t\t<\/div>\n\t\t<\/section>\n\t\t\t\t<\/div>\n\t\t","protected":false},"excerpt":{"rendered":"<p>Dozenten Nur Dozenten, die mit unserem Leitziel und der Philosophie der Akademie \u00fcbereinstimmen und dar\u00fcber hinaus auch noch die hohen Qualti\u00e4tsanspr\u00fcch erf\u00fcllen, werden in die Akademie aufgenommen. Die Akademieleitung steht in engem, harmonischem Kontakt mit den Dozenten und legt besonderen Wert auf eine gut organisierte und intensive Aus- und Weiterbildung. Dies gelingt durch sehr fachkundige [&hellip;]<\/p>\n","protected":false},"author":1,"featured_media":0,"parent":0,"menu_order":0,"comment_status":"closed","ping_status":"closed","template":"","meta":{"footnotes":""},"class_list":["post-993","page","type-page","status-publish","hentry"],"yoast_head":"<!-- This site is optimized with the Yoast SEO plugin v27.1.1 - https:\/\/yoast.com\/product\/yoast-seo-wordpress\/ -->\n<title>\u00dcber die Akademie - Akademie f\u00fcr Tiertherapie - Veranstaltungen<\/title>\n<meta name=\"robots\" content=\"index, follow, max-snippet:-1, max-image-preview:large, max-video-preview:-1\" \/>\n<link rel=\"canonical\" href=\"https:\/\/akademie-tiertherapie.de\/veranstaltungen\/ueber-die-akademie\/\" \/>\n<meta property=\"og:locale\" content=\"de_DE\" \/>\n<meta property=\"og:type\" content=\"article\" \/>\n<meta property=\"og:title\" content=\"\u00dcber die Akademie - Akademie f\u00fcr Tiertherapie - Veranstaltungen\" \/>\n<meta property=\"og:description\" content=\"Dozenten Nur Dozenten, die mit unserem Leitziel und der Philosophie der Akademie \u00fcbereinstimmen und dar\u00fcber hinaus auch noch die hohen Qualti\u00e4tsanspr\u00fcch erf\u00fcllen, werden in die Akademie aufgenommen. Die Akademieleitung steht in engem, harmonischem Kontakt mit den Dozenten und legt besonderen Wert auf eine gut organisierte und intensive Aus- und Weiterbildung. Dies gelingt durch sehr fachkundige [&hellip;]\" \/>\n<meta property=\"og:url\" content=\"https:\/\/akademie-tiertherapie.de\/veranstaltungen\/ueber-die-akademie\/\" \/>\n<meta property=\"og:site_name\" content=\"Akademie f\u00fcr Tiertherapie - Veranstaltungen\" \/>\n<meta property=\"article:publisher\" content=\"https:\/\/www.facebook.com\/AkademieTier\" \/>\n<meta property=\"article:modified_time\" content=\"2021-09-02T14:30:54+00:00\" \/>\n<meta property=\"og:image\" content=\"https:\/\/akademie-tiertherapie.de\/veranstaltungen\/wp-content\/uploads\/2021\/08\/DFTB-braun.png\" \/>\n<meta name=\"twitter:card\" content=\"summary_large_image\" \/>\n<meta name=\"twitter:label1\" content=\"Gesch\u00e4tzte Lesezeit\" \/>\n\t<meta name=\"twitter:data1\" content=\"1\u00a0Minute\" \/>\n<script type=\"application\/ld+json\" class=\"yoast-schema-graph\">{\"@context\":\"https:\/\/schema.org\",\"@graph\":[{\"@type\":\"WebPage\",\"@id\":\"https:\/\/akademie-tiertherapie.de\/veranstaltungen\/ueber-die-akademie\/\",\"url\":\"https:\/\/akademie-tiertherapie.de\/veranstaltungen\/ueber-die-akademie\/\",\"name\":\"\u00dcber die Akademie - Akademie f\u00fcr Tiertherapie - Veranstaltungen\",\"isPartOf\":{\"@id\":\"https:\/\/akademie-tiertherapie.de\/veranstaltungen\/#website\"},\"primaryImageOfPage\":{\"@id\":\"https:\/\/akademie-tiertherapie.de\/veranstaltungen\/ueber-die-akademie\/#primaryimage\"},\"image\":{\"@id\":\"https:\/\/akademie-tiertherapie.de\/veranstaltungen\/ueber-die-akademie\/#primaryimage\"},\"thumbnailUrl\":\"https:\/\/akademie-tiertherapie.de\/veranstaltungen\/wp-content\/uploads\/2021\/08\/DFTB-braun.png\",\"datePublished\":\"2021-08-05T13:12:02+00:00\",\"dateModified\":\"2021-09-02T14:30:54+00:00\",\"breadcrumb\":{\"@id\":\"https:\/\/akademie-tiertherapie.de\/veranstaltungen\/ueber-die-akademie\/#breadcrumb\"},\"inLanguage\":\"de\",\"potentialAction\":[{\"@type\":\"ReadAction\",\"target\":[\"https:\/\/akademie-tiertherapie.de\/veranstaltungen\/ueber-die-akademie\/\"]}]},{\"@type\":\"ImageObject\",\"inLanguage\":\"de\",\"@id\":\"https:\/\/akademie-tiertherapie.de\/veranstaltungen\/ueber-die-akademie\/#primaryimage\",\"url\":\"https:\/\/akademie-tiertherapie.de\/veranstaltungen\/wp-content\/uploads\/2021\/08\/DFTB-braun.png\",\"contentUrl\":\"https:\/\/akademie-tiertherapie.de\/veranstaltungen\/wp-content\/uploads\/2021\/08\/DFTB-braun.png\",\"width\":215,\"height\":205},{\"@type\":\"BreadcrumbList\",\"@id\":\"https:\/\/akademie-tiertherapie.de\/veranstaltungen\/ueber-die-akademie\/#breadcrumb\",\"itemListElement\":[{\"@type\":\"ListItem\",\"position\":1,\"name\":\"Startseite\",\"item\":\"https:\/\/akademie-tiertherapie.de\/veranstaltungen\/\"},{\"@type\":\"ListItem\",\"position\":2,\"name\":\"\u00dcber die Akademie\"}]},{\"@type\":\"WebSite\",\"@id\":\"https:\/\/akademie-tiertherapie.de\/veranstaltungen\/#website\",\"url\":\"https:\/\/akademie-tiertherapie.de\/veranstaltungen\/\",\"name\":\"Akademie f\u00fcr Tiertherapie - Veranstaltungen\",\"description\":\"Akademie f\u00fcr Tiertherapeutische Berufe GmbH\",\"publisher\":{\"@id\":\"https:\/\/akademie-tiertherapie.de\/veranstaltungen\/#organization\"},\"potentialAction\":[{\"@type\":\"SearchAction\",\"target\":{\"@type\":\"EntryPoint\",\"urlTemplate\":\"https:\/\/akademie-tiertherapie.de\/veranstaltungen\/?s={search_term_string}\"},\"query-input\":{\"@type\":\"PropertyValueSpecification\",\"valueRequired\":true,\"valueName\":\"search_term_string\"}}],\"inLanguage\":\"de\"},{\"@type\":\"Organization\",\"@id\":\"https:\/\/akademie-tiertherapie.de\/veranstaltungen\/#organization\",\"name\":\"Akademie Tiertherapie\",\"url\":\"https:\/\/akademie-tiertherapie.de\/veranstaltungen\/\",\"logo\":{\"@type\":\"ImageObject\",\"inLanguage\":\"de\",\"@id\":\"https:\/\/akademie-tiertherapie.de\/veranstaltungen\/#\/schema\/logo\/image\/\",\"url\":\"https:\/\/akademie-tiertherapie.de\/veranstaltungen\/wp-content\/uploads\/2022\/03\/ALogoBrown726KB.png\",\"contentUrl\":\"https:\/\/akademie-tiertherapie.de\/veranstaltungen\/wp-content\/uploads\/2022\/03\/ALogoBrown726KB.png\",\"width\":2233,\"height\":2173,\"caption\":\"Akademie Tiertherapie\"},\"image\":{\"@id\":\"https:\/\/akademie-tiertherapie.de\/veranstaltungen\/#\/schema\/logo\/image\/\"},\"sameAs\":[\"https:\/\/www.facebook.com\/AkademieTier\",\"https:\/\/www.instagram.com\/akademietier\/\"]}]}<\/script>\n<!-- \/ Yoast SEO plugin. -->","yoast_head_json":{"title":"\u00dcber die Akademie - Akademie f\u00fcr Tiertherapie - Veranstaltungen","robots":{"index":"index","follow":"follow","max-snippet":"max-snippet:-1","max-image-preview":"max-image-preview:large","max-video-preview":"max-video-preview:-1"},"canonical":"https:\/\/akademie-tiertherapie.de\/veranstaltungen\/ueber-die-akademie\/","og_locale":"de_DE","og_type":"article","og_title":"\u00dcber die Akademie - Akademie f\u00fcr Tiertherapie - Veranstaltungen","og_description":"Dozenten Nur Dozenten, die mit unserem Leitziel und der Philosophie der Akademie \u00fcbereinstimmen und dar\u00fcber hinaus auch noch die hohen Qualti\u00e4tsanspr\u00fcch erf\u00fcllen, werden in die Akademie aufgenommen. Die Akademieleitung steht in engem, harmonischem Kontakt mit den Dozenten und legt besonderen Wert auf eine gut organisierte und intensive Aus- und Weiterbildung. Dies gelingt durch sehr fachkundige [&hellip;]","og_url":"https:\/\/akademie-tiertherapie.de\/veranstaltungen\/ueber-die-akademie\/","og_site_name":"Akademie f\u00fcr Tiertherapie - Veranstaltungen","article_publisher":"https:\/\/www.facebook.com\/AkademieTier","article_modified_time":"2021-09-02T14:30:54+00:00","og_image":[{"url":"https:\/\/akademie-tiertherapie.de\/veranstaltungen\/wp-content\/uploads\/2021\/08\/DFTB-braun.png","type":"","width":"","height":""}],"twitter_card":"summary_large_image","twitter_misc":{"Gesch\u00e4tzte Lesezeit":"1\u00a0Minute"},"schema":{"@context":"https:\/\/schema.org","@graph":[{"@type":"WebPage","@id":"https:\/\/akademie-tiertherapie.de\/veranstaltungen\/ueber-die-akademie\/","url":"https:\/\/akademie-tiertherapie.de\/veranstaltungen\/ueber-die-akademie\/","name":"\u00dcber die Akademie - Akademie f\u00fcr Tiertherapie - Veranstaltungen","isPartOf":{"@id":"https:\/\/akademie-tiertherapie.de\/veranstaltungen\/#website"},"primaryImageOfPage":{"@id":"https:\/\/akademie-tiertherapie.de\/veranstaltungen\/ueber-die-akademie\/#primaryimage"},"image":{"@id":"https:\/\/akademie-tiertherapie.de\/veranstaltungen\/ueber-die-akademie\/#primaryimage"},"thumbnailUrl":"https:\/\/akademie-tiertherapie.de\/veranstaltungen\/wp-content\/uploads\/2021\/08\/DFTB-braun.png","datePublished":"2021-08-05T13:12:02+00:00","dateModified":"2021-09-02T14:30:54+00:00","breadcrumb":{"@id":"https:\/\/akademie-tiertherapie.de\/veranstaltungen\/ueber-die-akademie\/#breadcrumb"},"inLanguage":"de","potentialAction":[{"@type":"ReadAction","target":["https:\/\/akademie-tiertherapie.de\/veranstaltungen\/ueber-die-akademie\/"]}]},{"@type":"ImageObject","inLanguage":"de","@id":"https:\/\/akademie-tiertherapie.de\/veranstaltungen\/ueber-die-akademie\/#primaryimage","url":"https:\/\/akademie-tiertherapie.de\/veranstaltungen\/wp-content\/uploads\/2021\/08\/DFTB-braun.png","contentUrl":"https:\/\/akademie-tiertherapie.de\/veranstaltungen\/wp-content\/uploads\/2021\/08\/DFTB-braun.png","width":215,"height":205},{"@type":"BreadcrumbList","@id":"https:\/\/akademie-tiertherapie.de\/veranstaltungen\/ueber-die-akademie\/#breadcrumb","itemListElement":[{"@type":"ListItem","position":1,"name":"Startseite","item":"https:\/\/akademie-tiertherapie.de\/veranstaltungen\/"},{"@type":"ListItem","position":2,"name":"\u00dcber die Akademie"}]},{"@type":"WebSite","@id":"https:\/\/akademie-tiertherapie.de\/veranstaltungen\/#website","url":"https:\/\/akademie-tiertherapie.de\/veranstaltungen\/","name":"Akademie f\u00fcr Tiertherapie - Veranstaltungen","description":"Akademie f\u00fcr Tiertherapeutische Berufe GmbH","publisher":{"@id":"https:\/\/akademie-tiertherapie.de\/veranstaltungen\/#organization"},"potentialAction":[{"@type":"SearchAction","target":{"@type":"EntryPoint","urlTemplate":"https:\/\/akademie-tiertherapie.de\/veranstaltungen\/?s={search_term_string}"},"query-input":{"@type":"PropertyValueSpecification","valueRequired":true,"valueName":"search_term_string"}}],"inLanguage":"de"},{"@type":"Organization","@id":"https:\/\/akademie-tiertherapie.de\/veranstaltungen\/#organization","name":"Akademie Tiertherapie","url":"https:\/\/akademie-tiertherapie.de\/veranstaltungen\/","logo":{"@type":"ImageObject","inLanguage":"de","@id":"https:\/\/akademie-tiertherapie.de\/veranstaltungen\/#\/schema\/logo\/image\/","url":"https:\/\/akademie-tiertherapie.de\/veranstaltungen\/wp-content\/uploads\/2022\/03\/ALogoBrown726KB.png","contentUrl":"https:\/\/akademie-tiertherapie.de\/veranstaltungen\/wp-content\/uploads\/2022\/03\/ALogoBrown726KB.png","width":2233,"height":2173,"caption":"Akademie Tiertherapie"},"image":{"@id":"https:\/\/akademie-tiertherapie.de\/veranstaltungen\/#\/schema\/logo\/image\/"},"sameAs":["https:\/\/www.facebook.com\/AkademieTier","https:\/\/www.instagram.com\/akademietier\/"]}]}},"_links":{"self":[{"href":"https:\/\/akademie-tiertherapie.de\/veranstaltungen\/wp-json\/wp\/v2\/pages\/993","targetHints":{"allow":["GET"]}}],"collection":[{"href":"https:\/\/akademie-tiertherapie.de\/veranstaltungen\/wp-json\/wp\/v2\/pages"}],"about":[{"href":"https:\/\/akademie-tiertherapie.de\/veranstaltungen\/wp-json\/wp\/v2\/types\/page"}],"author":[{"embeddable":true,"href":"https:\/\/akademie-tiertherapie.de\/veranstaltungen\/wp-json\/wp\/v2\/users\/1"}],"replies":[{"embeddable":true,"href":"https:\/\/akademie-tiertherapie.de\/veranstaltungen\/wp-json\/wp\/v2\/comments?post=993"}],"version-history":[{"count":22,"href":"https:\/\/akademie-tiertherapie.de\/veranstaltungen\/wp-json\/wp\/v2\/pages\/993\/revisions"}],"predecessor-version":[{"id":1758,"href":"https:\/\/akademie-tiertherapie.de\/veranstaltungen\/wp-json\/wp\/v2\/pages\/993\/revisions\/1758"}],"wp:attachment":[{"href":"https:\/\/akademie-tiertherapie.de\/veranstaltungen\/wp-json\/wp\/v2\/media?parent=993"}],"curies":[{"name":"wp","href":"https:\/\/api.w.org\/{rel}","templated":true}]}}